the prime factors of 39197.
19, 2063
What are the prime factors of 1450?
2, 5, 29
What are the prime factors of 883?
883
What are the prime factors of 2437?
2437
List the prime factors of 35675.
5, 1427
What are the prime factors of 912?
2, 3, 19
List the prime factors of 7873.
7873
List the prime factors of 2994.
2, 3, 499
What are the prime factors of 2728?
2, 11, 31
List the prime factors of 6354.
2, 3, 353
What are the prime factors of 6546?
2, 3, 1091
List the prime factors of 6875.
5, 11
List the prime factors of 17929.
17929
List the prime factors of 4873.
11, 443
What are the prime factors of 150?
2, 3, 5
List the prime factors of 71546.
2, 83, 431
List the prime factors of 31726.
2, 29, 547
List the prime factors of 3776.
2, 59
List the prime factors of 18324.
2, 3, 509
What are the prime factors of 3573?
3, 397
List the prime factors of 571.
571
List the prime factors of 7174.
2, 17, 211
What are the prime factors of 1310?
2, 5, 131
What are the prime factors of 1444?
2, 19
What are the prime factors of 408?
2, 3, 17
What are the prime factors of 602?
2, 7, 43
What are the prime factors of 903?
3, 7, 43
List the prime factors of 25516.
2, 6379
What are the prime factors of 2043?
3, 227
List the prime factors of 30668.
2, 11, 17, 41
List the prime factors of 10652.
2, 2663
What are the prime factors of 8184?
2, 3, 11, 31
List the prime factors of 1128.
2, 3, 47
What are the prime factors of 2963?
2963
What are the prime factors of 118078?
2, 43, 1373
List the prime factors of 305.
5, 61
What are the prime factors of 28?
2, 7
List the prime factors of 3677.
3677
List the prime factors of 2426.
2, 1213
List the prime factors of 38305.
5, 47, 163
What are the prime factors of 181809?
3, 20201
What are the prime factors of 2634?
2, 3, 439
What are the prime factors of 3489?
3, 1163
What are the prime factors of 16789?
103, 163
List the prime factors of 732.
2, 3, 61
List the prime factors of 30574.
2, 15287
What are the prime factors of 5811?
3, 13, 149
List the prime factors of 1105.
5, 13, 17
List the prime factors of 2084.
2, 521
List the prime factors of 16357.
11, 1487
List the prime factors of 160855.
5, 53, 607
List the prime factors of 11106.
2, 3, 617
What are the prime factors of 2184?
2, 3, 7, 13
What are the prime factors of 2589?
3, 863
What are the prime factors of 2667?
3, 7, 127
List the prime factors of 4001.
4001
What are the prime factors of 1624?
2, 7, 29
List the prime factors of 8797.
19, 463
List the prime factors of 746.
2, 373
List the prime factors of 3097.
19, 163
List the prime factors of 203276.
2, 89, 571
What are the prime factors of 135482?
2, 67741
List the prime factors of 654.
2, 3, 109
What are the prime factors of 6904?
2, 863
List the prime factors of 2313.
3, 257
What are the prime factors of 40095?
3, 5, 11
What are the prime factors of 182?
2, 7, 13
List the prime factors of 489.
3, 163
What are the prime factors of 33064?
2, 4133
List the prime factors of 14301.
3, 7, 227
List the prime factors of 13694.
2, 41, 167
What are the prime factors of 1541?
23, 67
What are the prime factors of 6144?
2, 3
List the prime factors of 3014.
2, 11, 137
What are the prime factors of 2836?
2, 709
What are the prime factors of 300?
2, 3, 5
What are the prime factors of 65374?
2, 32687
List the prime factors of 705.
3, 5, 47
List the prime factors of 1606.
2, 11, 73
List the prime factors of 91.
7, 13
List the prime factors of 22789.
13, 1753
List the prime factors of 1133.
11, 103
List the prime factors of 11480.
2, 5, 7, 41
List the prime factors of 6371.
23, 277
List the prime factors of 10938.
2, 3, 1823
What are the prime factors of 729?
3
What are the prime factors of 36035?
5, 7207
What are the prime factors of 35199?
3, 3911
What are the prime factors of 1871?
1871
List the prime factors of 1293.
3, 431
List the prime factors of 2206.
2, 1103
List the prime factors of 1042.
2, 521
What are the prime factors of 1505?
5, 7, 43
List the prime factors of 104856.
2, 3, 17, 257
What are the prime factors of 38837?
71, 547
What are the prime factors of 2329?
17, 137
What are the prime factors of 1272?
2, 3, 53
List the prime factors of 4925.
5, 197
List the prime factors of 1438.
2, 719
What are the prime factors of 511?
7, 73
List the prime factors of 736.
2, 23
What are the prime factors of 1413?
3, 157
What are the prime factors of 76146?
2, 3, 7, 37
List the prime factors of 11975.
5, 479
List the prime factors of 8101.
8101
What are the prime factors of 38124?
2, 3, 353
List the prime factors of 6222.
2, 3, 17, 61
What are the prime factors of 1441?
11, 131
List the prime factors of 7318.
2, 3659
What are the prime factors of 5707?
13, 439
What are the prime factors of 523?
523
List the prime factors of 3094.
2, 7, 13, 17
What are the prime factors of 4794?
2, 3, 17, 47
What are the prime factors of 28256?
2, 883
List the prime factors of 6023.
19, 317
List the prime factors of 853.
853
What are the prime factors of 32065?
5, 11, 53
List the prime factors of 14979.
3, 4993
What are the prime factors of 4474?
2, 2237
List the prime factors of 33792.
2, 3, 11
What are the prime factors of 1855?
5, 7, 53
What are the prime factors of 63931?
7, 9133
List the prime factors of 17086.
2, 8543
What are the prime factors of 3985?
5, 797
List the prime factors of 4043.
13, 311
List the prime factors of 1096.
2, 137
What are the prime factors of 8034?
2, 3, 13, 103
List the prime factors of 1253.
7, 179
What are the prime factors of 9253?
19, 487
What are the prime factors of 5926?
2, 2963
What are the prime factors of 42438?
2, 3, 11, 643
What are the prime factors of 160?
2, 5
List the prime factors of 4735.
5, 947
What are the prime factors of 1479?
3, 17, 29
What are the prime factors of 12196?
2, 3049
What are the prime factors of 734?
2, 367
List the prime factors of 14248.
2, 13, 137
What are the prime factors of 3637?
3637
List the prime factors of 12993.
3, 61, 71
What are the prime factors of 4793?
4793
List the prime factors of 3556.
2, 7, 127
What are the prime factors of 1606?
2, 11, 73
What are the prime factors of 1513?
17, 89
What are the prime factors of 469?
7, 67
List the prime factors of 34117.
109, 313
List the prime factors of 9871.
9871
What are the prime factors of 2223?
3, 13, 19
List the prime factors of 1814.
2, 907
List the prime factors of 26941.
29, 929
List the prime factors of 139261.
47, 2963
List the prime factors of 35703.
3, 3967
What are the prime factors of 281?
281
List the prime factors of 16365.
3, 5, 1091
List the prime factors of 19175.
5, 13, 59
What are the prime factors of 8725?
5, 349
What are the prime factors of 19312?
2, 17, 71
What are the prime factors of 71502?
2, 3, 17, 701
List the prime factors of 1394.
2, 17, 41
List the prime factors of 2593.
2593
What are the prime factors of 1034?
2, 11, 47
List the prime factors of 86256.
2, 3, 599
List the prime factors of 54087.
3, 11, 149
List the prime factors of 1253.
7, 179
What are the prime factors of 59730?
2, 3, 5, 11, 181
List the prime factors of 779.
19, 41
List the prime factors of 57997.
59, 983
What are the prime factors of 14862?
2, 3, 2477
What are the prime factors of 37754?
2, 43, 439
List the prime factors of 849.
3, 283
What are the prime factors of 1480?
2, 5, 37
What are the prime factors of 20325?
3, 5, 271
What are the prime factors of 48171?
3, 16057
What are the prime factors of 14988?
2, 3, 1249
What are the prime factors of 26474?
2, 7, 31, 61
List the prime factors of 805.
5, 7, 23
What are the prime factors of 526?
2, 263
What are the prime factors of 263?
263
List the prime factors of 128045.
5, 25609
What are the prime factors of 978?
2, 3, 163
List the prime factors of 24464.
2, 11, 139
What are the prime factors of 9771?
3, 3257
List the prime factors of 3042.
2, 3, 13
List the prime factors of 159864.
2, 3, 6661
List the prime factors of 4367.
11, 397
What are the prime factors of 905?
5, 181
What are the prime factors of 105129?
3, 11681
What are the prime factors of 10688?
2, 167
What are the prime factors of 1581?
3, 17, 31
List the prime factors of 1901.
1901
List the prime factors of 18108.
2, 3, 503
List the prime factors of 22207.
53, 419
List the prime factors of 459.
3, 17
Li